656 and 48?
16
What is the highest common divisor of 274 and 1781?
137
What is the highest common factor of 8 and 5120?
8
What is the highest common divisor of 28 and 45780?
28
What is the highest common divisor of 160 and 6640?
80
Calculate the highest common factor of 112 and 14.
14
What is the greatest common factor of 230 and 6?
2
Calculate the highest common factor of 48 and 1284.
12
What is the greatest common divisor of 187 and 102?
17
Calculate the greatest common divisor of 1 and 113.
1
Calculate the highest common factor of 162 and 169128.
162
What is the highest common divisor of 293 and 16701?
293
What is the highest common factor of 208 and 676?
52
Calculate the highest common factor of 56 and 35812.
28
Calculate the greatest common divisor of 102 and 238.
34
What is the greatest common divisor of 184 and 8?
8
Calculate the highest common divisor of 836 and 52250.
418
What is the greatest common divisor of 40 and 180?
20
What is the greatest common factor of 6 and 10?
2
Calculate the highest common factor of 105 and 240.
15
Calculate the greatest common factor of 88 and 396.
44
Calculate the greatest common divisor of 310 and 5735.
155
What is the greatest common divisor of 287 and 779?
41
What is the highest common factor of 42 and 448?
14
Calculate the greatest common factor of 29 and 15863.
29
Calculate the greatest common factor of 5 and 64.
1
Calculate the highest common factor of 2392 and 13.
13
Calculate the greatest common divisor of 72 and 90.
18
Calculate the highest common divisor of 300 and 650.
50
What is the greatest common factor of 5026 and 42?
14
Calculate the highest common factor of 30 and 78.
6
Calculate the greatest common factor of 574 and 1558.
82
Calculate the greatest common factor of 70 and 910.
70
Calculate the highest common factor of 136 and 833.
17
What is the highest common divisor of 24 and 200?
8
What is the greatest common divisor of 66 and 6?
6
Calculate the highest common factor of 4125 and 66.
33
Calculate the greatest common divisor of 92 and 28359.
23
What is the greatest common divisor of 261 and 4843?
29
Calculate the greatest common divisor of 2255 and 2365.
55
What is the greatest common factor of 82902 and 82?
82
Calculate the highest common factor of 63 and 91.
7
Calculate the highest common divisor of 304 and 400.
16
What is the highest common divisor of 10465 and 23?
23
Calculate the greatest common factor of 100 and 30.
10
Calculate the highest common divisor of 104 and 128.
8
What is the greatest common factor of 21 and 16793?
7
What is the greatest common divisor of 10293 and 282?
141
Calculate the greatest common factor of 252 and 180.
36
What is the greatest common divisor of 62 and 136?
2
Calculate the highest common divisor of 60 and 9930.
30
What is the highest common divisor of 793 and 26?
13
Calculate the highest common divisor of 891 and 162.
81
Calculate the greatest common divisor of 110 and 6215.
55
Calculate the highest common divisor of 1626 and 102.
6
What is the highest common factor of 1050 and 900?
150
What is the greatest common divisor of 175 and 105?
35
What is the greatest common factor of 1925 and 77?
77
Calculate the greatest common divisor of 110 and 3685.
55
What is the highest common factor of 2133 and 99?
9
What is the highest common factor of 72 and 56?
8
Calculate the greatest common divisor of 430 and 50.
10
What is the greatest common divisor of 154 and 5390?
154
What is the highest common divisor of 212 and 8?
4
What is the greatest common divisor of 476 and 140?
28
Calculate the greatest common divisor of 444 and 1443.
111
Calculate the greatest common factor of 14 and 8.
2
Calculate the greatest common divisor of 90 and 210.
30
Calculate the highest common divisor of 4480 and 100.
20
What is the highest common divisor of 73 and 73?
73
Calculate the highest common factor of 328 and 41.
41
Calculate the highest common divisor of 420 and 36.
12
Calculate the highest common factor of 38 and 247.
19
What is the highest common factor of 2760 and 120?
120
Calculate the greatest common factor of 5 and 110.
5
What is the greatest common factor of 192 and 256?
64
Calculate the greatest common divisor of 50 and 70.
10
Calculate the highest common factor of 4551 and 3.
3
What is the highest common factor of 64 and 16?
16
Calculate the greatest common factor of 25510 and 10.
10
What is the highest common factor of 1 and 43?
1
What is the greatest common divisor of 2320 and 145?
145
Calculate the highest common factor of 40 and 8.
8
Calculate the highest common factor of 1850 and 111.
37
What is the highest common factor of 187 and 1751?
17
Calculate the highest common divisor of 960 and 210.
30
What is the greatest common divisor of 24 and 184?
8
What is the highest common divisor of 162 and 18?
18
Calculate the highest common factor of 8740 and 345.
115
Calculate the highest common factor of 120 and 4350.
30
Calculate the greatest common divisor of 3 and 450.
3
Calculate the greatest common factor of 216 and 729.
27
Calculate the highest common divisor of 658 and 94.
94
What is the greatest common divisor of 3904 and 2684?
244
What is the greatest common factor of 3144 and 18?
6
Calculate the greatest common factor of 9140 and 20.
20
What is the highest common factor of 121 and 7744?
121
What is the highest common divisor of 6 and 3078?
6
What is the greatest common divisor of 1370 and 40?
10
What is the greatest common factor of 6107 and 1773?
197
Calculate the highest common factor of 165 and 22055.
55
What is the greatest common factor of 21 and 14?
7
Calculate the highest common factor of 132 and 1464.
12
What is the highest common factor of 1032 and 32?
8
Calculate the greatest common factor of 17 and 2992.
17
Calculate the highest common factor of 9789 and 13.
13
Calculate the greatest common divisor of 185 and 4255.
185
What is the greatest common divisor of 698 and 35249?
349
Calculate the greatest common divisor of 55 and 110.
55
Calculate the highest common divisor of 32470 and 20.
10
Calculate the greatest common divisor of 3071 and 332.
83
What is the highest common divisor of 3 and 59?
1
Calculate the highest common factor of 96 and 6176.
32
Calculate the highest common divisor of 3 and 7431.
3
What is the greatest common divisor of 5489 and 11?
11
What is the greatest common factor of 294 and 21903?
147
Calculate the highest common divisor of 25 and 625.
25
What is the highest common factor of 14 and 3038?
14
What is the highest common factor of 3092 and 4?
4
What is the highest common divisor of 38 and 2489?
19
Calculate the greatest common divisor of 25628 and 344.
172
Calculate the greatest common divisor of 11 and 143.
11
Calculate the highest common divisor of 6655 and 55.
55
Calculate the greatest common factor of 12461 and 17.
17
Calculate the highest common divisor of 16 and 38272.
16
What is the greatest common factor of 10980 and 488?
244
Calculate the highest common divisor of 2653 and 56.
7
What is the highest common factor of 280 and 105?
35
What is the greatest common divisor of 336 and 3108?
84
What is the greatest common factor of 948 and 48?
12
What is the greatest common factor of 40 and 584?
8
Calculate the highest common factor of 2050 and 75.
25
What is the greatest common divisor of 5820 and 12?
12
What is the highest common factor of 1278 and 18?
18
Calculate the highest common divisor of 684 and 418.
38
Calculate the greatest common divisor of 20 and 2340.
20
Calculate the greatest common factor of 13 and 15899.
13
Calculate the highest common factor of 20 and 1340.
20
Calculate the greatest common factor of 315 and 168.
21
What is the highest common divisor of 665 and 475?
95
Calculate the highest common factor of 516 and 11180.
172
Calculate the greatest common divisor of 496 and 18724.
124
What is the greatest common factor of 210 and 126?
42
What is the greatest common factor of 10 and 215?
5
Calculate the greatest common divisor of 33 and 3377.
11
Calculate the greatest common factor of 75 and 8750.
25
Calculate the highest common factor of 145 and 493.
29
What is the greatest common factor of 12736 and 16?
16
What is the greatest common factor of 34 and 8?
2
What is the greatest common factor of 420 and 82740?
4